y n(1).
13
Let u = -410 + 421. What is the remainder when 105 is divided by u?
6
Let x = 24 + -46. Let i = 32 + x. Calculate the remainder when (-1)/(2/4) - -40 is divided by i.
8
Let h = -2549 + 2572. What is the remainder when 129 is divided by h?
14
Suppose 8*b - 3*b - 10 = 0. Suppose 6*f - 58 = 164. What is the remainder when f is divided by (-15)/b*(-4)/3?
7
What is the remainder when 307 is divided by 120/11 - (42/22 + -2)?
10
Let b = -2 - -4. Suppose a = 15 + 8. Suppose -3*j = -a + 5. What is the remainder when j is divided by b?
0
Let v be (-3)/(-2)*16/3. Let f be (-10)/15*(-36)/v. Suppose 0 = -k - 5*b + 18, -b - 17 = -f*k + 5. What is the remainder when k is divided by 3?
2
Suppose z + 392 = 5*z. Suppose -5*f - 4*a + 278 = 0, -f - f + 5*a = -z. What is the remainder when f is divided by 16 - (2 + 0/2)?
12
Suppose 10*a - 35 = -155. What is the remainder when (-938)/(-8) - 1/4 is divided by (a/(-10)*-2)/(4/(-50))?
27
Suppose 3*i - 27 = -2*a, 3*i + i + 5*a = 29. Suppose 3*z = 5*z - 7*z. Suppose -14*h + 513 - 65 = z. What is the remainder when h is divided by i?
10
Let y(d) = -d + 1. Calculate the remainder when 12/16 + 63/12 is divided by y(-4).
1
Let v = 96 - 86. Calculate the remainder when 56/v + (-4)/(-10) is divided by 3.
0
Let u = 1068 + -1050. Calculate the remainder when 78 is divided by u.
6
Suppose -35 = 2*u + 7. Calculate the remainder when 11 is divided by u/(-3) + -2 + (-2)/(-2).
5
Suppose 0 = -4*j - 30 + 6. Let o be 12/9*j/4. Calculate the remainder when 26 is divided by ((-3)/o)/((-1)/(-10)).
11
What is the remainder when -1*(-8)/(-6)*-807 is divided by 18?
14
Let f(n) = -24*n - 74. What is the remainder when f(-11) is divided by 67?
56
Let d(q) = 20*q + 29. Calculate the remainder when 101 is divided by d(0).
14
Calculate the remainder when 166/(-4 - (3 + -8)) is divided by 24.
22
Suppose 0 = 2*h, h = 4*t - 0*h - 32. What is the remainder when (4 + 0 + -3)/(18/378) is divided by t?
5
Let w = 332 - 71. What is the remainder when w is divided by 33/((-11781)/(-34)) + (-1844)/(-42)?
41
Let g(w) = 2*w**3 - 2*w**2 - 18*w + 5. What is the remainder when g(6) is divided by 29?
25
Suppose 40*r = 7189 + 3051. Calculate the remainder when r is divided by 9.
4
Let j = 102 + -108. Calculate the remainder when 18/((-3 - j)/3) is divided by 5.
3
Suppose 0 = t + 5*j - 3, 3*t + 8*j - 7*j = 51. Suppose -4*p + 0*p + 4 = 0. What is the remainder when t is divided by 0/1 + (p - -6)?
4
Calculate the remainder when 6 + 5 + 157 - (4 + 0) is divided by 11.
10
Suppose 104*y - 28 = 103*y. Suppose 0*t + 28 = 2*t. Let a = 24 - t. What is the remainder when y is divided by a?
8
Let z(b) = 2*b + 41. Calculate the remainder when 104 is divided by z(-19).
2
Let n(w) = -w**2 - 9*w - 10. Let q be n(-5). Let f be (5/q)/(1/20). Calculate the remainder when 19 is divided by 48/f - 5/(-25).
4
Suppose -15 + 0 = -5*v. Suppose 0 = -3*j - 3*z, j = 2*j + 2*z + 5. Calculate the remainder when j is divided by v.
2
Let s be (1 + -2)*(15 - 15). Suppose -4*r = 5*m - 28, 5*r + s*m = 3*m - 2. Calculate the remainder when (-4 + r)/((-3)/147) is divided by 20.
18
What is the remainder when 0 + 610/4*70/175 is divided by 32?
29
Suppose -4*v = -v - d - 46, -d - 76 = -5*v. Suppose h + 2*p - v = -p, -h - 5*p = -17. Calculate the remainder when h is divided by 7.
5
Suppose -7 = -4*n - 4*s + 5, -15 = -5*n + 2*s. Suppose -2*l + z = -n - 6, 3*z + 13 = -l. What is the remainder when 7 is divided by l?
1
Suppose -4*i + 5*j = -8, 11 = -7*i + 2*i + j. Let s = 5 + i. Suppose 0 = 4*l - s*l - 6. Calculate the remainder when 7 is divided by l.
1
Suppose 5*f + 77 = 2. Let a = 1 - f. Calculate the remainder when 31 is divided by a.
15
Suppose -3*m + 6 + 3 = 0. Suppose -70 = -m*k - 7. Calculate the remainder when 60 is divided by k.
18
Suppose 2*q - 102 = -q. What is the remainder when (-16)/(-20) + 2888/40 is divided by (-2)/(-4)*q - -2?
16
Let r(m) be the third derivative of -m**4/6 - 3*m**3/2 + 4*m**2. What is the remainder when 23 is divided by r(-4)?
2
Let z be 5*7/(70/6). Suppose z*f + 41 = -4*q, 8*q - 3*q = 4*f - 28. Calculate the remainder when ((-4)/q)/(1/74) is divided by 14.
9
Suppose -5*j - 3*v + 72 = -0*v, j + 5*v = 10. What is the remainder when 132/11 + (-1 - 5 - -15) is divided by j?
6
Suppose -6*v + 2*v + 52 = 0. Calculate the remainder when (12 - 9)*v*14/6 is divided by 23.
22
Suppose 12*l = 7*l + 25. Let q = 42 - l. Suppose s - 5 = -0*r - 5*r, -2*s = 3*r - 31. Calculate the remainder when q is divided by s.
17
Let y = 2389 + -2369. What is the remainder when 34 is divided by y?
14
Let u = 40 + -17. Let n(f) = -10*f**2 + 5*f. Let v be n(-4). Let m = -90 - v. What is the remainder when m is divided by u?
21
Suppose -2*j = -5*j + 9. Suppose j*t = 4*t + 8. Calculate the remainder when 9 is divided by 10/4*(t - -10).
4
Suppose 4*k + 5*n - 34 = 0, -k - 2*n = 2*n - 14. Let m = -101 + 104. What is the remainder when k is divided by m?
0
Suppose 3*y + 50 = -5*k - 51, 5*y + 225 = 3*k. Calculate the remainder when 74 is divided by ((-19)/3)/(14/y).
17
Let n = 68 + -60. Suppose -2*z + 5*j = z - 32, -4*j = -n. Calculate the remainder when 97 is divided by z.
13
Suppose 0 = -5*i + 5*x + 25, 0 = 5*i + x - 10 - 45. Suppose i = -5*z + 40. Suppose z*g = 4*g + 10. What is the remainder when 13 is divided by g?
3
Let z = 14 - 7. Let x(r) = 21*r - 13. Let a(w) = 11*w - 7. Let i(b) = z*a(b) - 4*x(b). Calculate the remainder when i(-4) is divided by 17.
14
Let u be 1/(1/(-34)) + -1. Let c = -4 - u. Calculate the remainder when c is divided by -2 + 15*(-5)/((-75)/10).
7
Let p(w) = -w**3 - 18*w**2 - 33*w + 5. Let d be (-333)/21 + (-3 - 100/(-35)). Calculate the remainder when 78 is divided by p(d).
15
Let v(w) be the third derivative of -w**6/120 + 7*w**5/60 + w**4/12 - w**3/6 + 3*w**2. Calculate the remainder when 36 is divided by v(7).
10
Suppose -230 = 11*o - 57*o. Calculate the remainder when 2/(-3) + 136/6 is divided by o.
2
Let w be (-482)/(-8) - 3/12. Let y be 5*(w/(-25))/(-2). What is the remainder when 20 + (-4 - y/(-3)) is divided by 5?
3
What is the remainder when 118 is divided by (-4)/(-8)*70*(7 - 6)?
13
Let o = 103 + -53. Let z = o - 29. What is the remainder when ((-108)/8)/((-1)/6) is divided by z?
18
Suppose 2*h + 17 = 105. What is the remainder when 288 is divided by h?
24
Calculate the remainder when 81 is divided by (14/(-4) + 3)*-52.
3
Suppose 70 = 3*l + 2*l. Let v = l - -30. Calculate the remainder when v is divided by 15.
14
Suppose -7*u = -12*u + 30. Calculate the remainder when 122 is divided by 1/u - 2/(72/(-1470)).
40
Let j(u) = 3*u**3 - u**2 + u - 2. What is the remainder when j(4) is divided by 19?
7
Suppose 0 = -138*z + 128*z + 9850. What is the remainder when z is divided by 26?
23
Let y = 41 + -6. Calculate the remainder when ((-5)/5 - y)/(2/(-10)) is divided by 46.
42
Let c be (-2)/(-1) - (1 + 1). Suppose 7 = -c*b + b + 4*m, 2*m = -2*b + 44. Let g = b + -8. What is the remainder when 56 is divided by g?
18
Suppose 0 = -4*n - 3*j - 0*j + 13, n = -5*j + 16. Calculate the remainder when 10 is divided by n - ((-6 - -4) + 1).
0
Let b(q) = -3*q + 12. Let m be b(3). Suppose -36 = -6*a + m*a. What is the remainder when 68 is divided by a?
8
Let r = 27 - 12. Suppose -c - 5*g = -r, 2*c - g - 25 = -6*g. What is the remainder when 49 is divided by c?
9
Let u(j) = j**2 - 9*j - 14. Let t(m) = 0 + 14*m + 0 + 2. Calculate the remainder when t(2) is divided by u(11).
6
Suppose -3*f = 12, -4*f = 2*y - 177 - 63. Calculate the remainder when y is divided by (14/4 + -4)*-66.
29
Let r(o) = -o**3 + 2*o**2 + 17*o + 2. Calculate the remainder when 65 is divided by r(5).
5
Let u(j) = 2*j - 6*j - 3*j + 0*j - 18. What is the remainder when 26 is divided by u(-4)?
6
Let b = 111 - 2. Calculate the remainder when b is divided by 37.
35
Calculate the remainder when 211 is divided by 31 - 14/((-126)/81).
11
Let z(b) = -7*b**3 + 2*b**2 - 1. Let y be z(-1). Suppose -36 = -12*i + y*i. What is the remainder when 34 is divided by i?
7
Let o(r) = 3*r + 12. Suppose -2*g = x - 5, x = -2*g + 4*x + 17. Let a = 13 - 0. What is the remainder when o(g) is divided by a?
11
Let o = -86 - -97. Calculate the remainder when 505 is divided by o.
10
Suppose 3*d - 28 + 13 = 0. Suppose -54 - 31 = -d*a. Calculate t